{"id":348,"date":"2026-01-18T20:23:24","date_gmt":"2026-01-18T19:23:24","guid":{"rendered":"https:\/\/zwinger-vom-kleinen-birkenweg.de\/?page_id=348"},"modified":"2026-01-18T20:23:28","modified_gmt":"2026-01-18T19:23:28","slug":"wurfankuendigung-c-wurf","status":"publish","type":"page","link":"https:\/\/zwinger-vom-kleinen-birkenweg.de\/en\/","title":{"rendered":"Wurfank\u00fcndigung C-Wurf"},"content":{"rendered":"\n<p>Am 16. und 17. Januar 2026 waren wir mit unserer H\u00fcndin Aila zum Deckakt in Polen beim Deckr\u00fcden Kowal z Serca Beskidu. Es war &#8220;Liebe auf den ersten Blick&#8221; und wir wurden Zeuge von zwei Deckakten.<\/p>\n\n\n\n<p>Wir sind optimistisch, dass wir mit einer tr\u00e4chtigen H\u00fcndin zur\u00fcckgekommen sind.  Mitte Februar wird der Ultraschall dann zeigen, ob sich unser Optimismus best\u00e4tigt.<\/p>\n\n\n\n<p>Der Wurf wird dann um den 20.M\u00e4rz 2026 herum fallen.<\/p>\n\n\n\n<p>Eine Abgabe der Welpen w\u00e4re voraussichtlich im Mai 2026, im Zeitraum Himmelfahrt \/ Pfingsten m\u00f6glich.<\/p>\n\n\n\n<p>Bei Interesse an einem Welpen, melden Sie sich gern per Mail: sbroessling@gmail.com    <\/p>\n\n\n\n<figure class=\"wp-block-gallery has-nested-images columns-default is-cropped wp-block-gallery-1 is-layout-flex wp-block-gallery-is-layout-flex\">\n<figure class=\"wp-block-image size-large\"><a href=\"https:\/\/zwinger-vom-kleinen-birkenweg.de\/wp-content\/uploads\/2026\/01\/threema-20251101-182013929.jpg\"><img loading=\"lazy\" decoding=\"async\" width=\"576\" height=\"1024\" data-id=\"351\" src=\"https:\/\/zwinger-vom-kleinen-birkenweg.de\/wp-content\/uploads\/2026\/01\/threema-20251101-182013929.jpg\" alt=\"\" class=\"wp-image-351\" srcset=\"https:\/\/zwinger-vom-kleinen-birkenweg.de\/wp-content\/uploads\/2026\/01\/threema-20251101-182013929.jpg 576w, https:\/\/zwinger-vom-kleinen-birkenweg.de\/wp-content\/uploads\/2026\/01\/threema-20251101-182013929-169x300.jpg 169w\" sizes=\"auto, (max-width: 576px) 100vw, 576px\" \/><\/a><figcaption class=\"wp-element-caption\">Aila vom Leimbachtal<\/figcaption><\/figure>\n\n\n\n<figure class=\"wp-block-image size-large\"><a href=\"https:\/\/zwinger-vom-kleinen-birkenweg.de\/wp-content\/uploads\/2026\/01\/IMG_9137.jpg\"><img loading=\"lazy\" decoding=\"async\" width=\"768\" height=\"1024\" data-id=\"330\" src=\"https:\/\/zwinger-vom-kleinen-birkenweg.de\/wp-content\/uploads\/2026\/01\/IMG_9137-768x1024.jpg\" alt=\"\" class=\"wp-image-330\" srcset=\"https:\/\/zwinger-vom-kleinen-birkenweg.de\/wp-content\/uploads\/2026\/01\/IMG_9137-768x1024.jpg 768w, https:\/\/zwinger-vom-kleinen-birkenweg.de\/wp-content\/uploads\/2026\/01\/IMG_9137-225x300.jpg 225w, https:\/\/zwinger-vom-kleinen-birkenweg.de\/wp-content\/uploads\/2026\/01\/IMG_9137-1152x1536.jpg 1152w, https:\/\/zwinger-vom-kleinen-birkenweg.de\/wp-content\/uploads\/2026\/01\/IMG_9137.jpg 1536w\" sizes=\"auto, (max-width: 767px) 89vw, (max-width: 1000px) 54vw, (max-width: 1071px) 543px, 580px\" \/><\/a><figcaption class=\"wp-element-caption\">Kowal z Serca Beskidu<\/figcaption><\/figure>\n<\/figure>\n","protected":false},"excerpt":{"rendered":"<p>Am 16. und 17. Januar 2026 waren wir mit unserer H\u00fcndin Aila zum Deckakt in Polen beim Deckr\u00fcden Kowal z Serca Beskidu. Es war &#8220;Liebe auf den ersten Blick&#8221; und wir wurden Zeuge von zwei Deckakten. Wir sind optimistisch, dass wir mit einer tr\u00e4chtigen H\u00fcndin zur\u00fcckgekommen sind. Mitte Februar wird der Ultraschall dann zeigen, ob &hellip; <\/p>\n<p class=\"link-more\"><a href=\"https:\/\/zwinger-vom-kleinen-birkenweg.de\/en\/\" class=\"more-link\">Continue reading<span class=\"screen-reader-text\"> &#8220;Wurfank\u00fcndigung C-Wurf&#8221;<\/span><\/a><\/p>\n","protected":false},"author":1,"featured_media":0,"parent":0,"menu_order":0,"comment_status":"closed","ping_status":"closed","template":"","meta":{"footnotes":""},"class_list":["post-348","page","type-page","status-publish","hentry"],"translation":{"provider":"WPGlobus","version":"3.0.2","language":"en","enabled_languages":["de","en"],"languages":{"de":{"title":true,"content":true,"excerpt":false},"en":{"title":false,"content":false,"excerpt":false}}},"_links":{"self":[{"href":"https:\/\/zwinger-vom-kleinen-birkenweg.de\/en\/wp-json\/wp\/v2\/pages\/348","targetHints":{"allow":["GET"]}}],"collection":[{"href":"https:\/\/zwinger-vom-kleinen-birkenweg.de\/en\/wp-json\/wp\/v2\/pages"}],"about":[{"href":"https:\/\/zwinger-vom-kleinen-birkenweg.de\/en\/wp-json\/wp\/v2\/types\/page"}],"author":[{"embeddable":true,"href":"https:\/\/zwinger-vom-kleinen-birkenweg.de\/en\/wp-json\/wp\/v2\/users\/1"}],"replies":[{"embeddable":true,"href":"https:\/\/zwinger-vom-kleinen-birkenweg.de\/en\/wp-json\/wp\/v2\/comments?post=348"}],"version-history":[{"count":1,"href":"https:\/\/zwinger-vom-kleinen-birkenweg.de\/en\/wp-json\/wp\/v2\/pages\/348\/revisions"}],"predecessor-version":[{"id":354,"href":"https:\/\/zwinger-vom-kleinen-birkenweg.de\/en\/wp-json\/wp\/v2\/pages\/348\/revisions\/354"}],"wp:attachment":[{"href":"https:\/\/zwinger-vom-kleinen-birkenweg.de\/en\/wp-json\/wp\/v2\/media?parent=348"}],"curies":[{"name":"wp","href":"https:\/\/api.w.org\/{rel}","templated":true}]}}

Wurfankündigung C-Wurf

<p>Am 16. und 17. Januar 2026 waren wir mit unserer Hündin Aila zum Deckakt in Polen beim Deckrüden Kowal z Serca Beskidu. Es war &#8220;Liebe auf den ersten Blick&#8221; und wir wurden Zeuge von zwei Deckakten.</p>



<p>Wir sind optimistisch, dass wir mit einer trächtigen Hündin zurückgekommen sind.  Mitte Februar wird der Ultraschall dann zeigen, ob sich unser Optimismus bestätigt.</p>



<p>Der Wurf wird dann um den 20.März 2026 herum fallen.</p>



<p>Eine Abgabe der Welpen wäre voraussichtlich im Mai 2026, im Zeitraum Himmelfahrt / Pfingsten möglich.</p>



<p>Bei Interesse an einem Welpen, melden Sie sich gern per Mail: sbroessling@gmail.com    </p>



<figure class="wp-block-gallery has-nested-images columns-default is-cropped wp-block-gallery-1 is-layout-flex wp-block-gallery-is-layout-flex">
<figure class="wp-block-image size-large"><a href="https://zwinger-vom-kleinen-birkenweg.de/wp-content/uploads/2026/01/threema-20251101-182013929.jpg"><img loading="lazy" decoding="async" width="576" height="1024" data-id="351" src="https://zwinger-vom-kleinen-birkenweg.de/wp-content/uploads/2026/01/threema-20251101-182013929.jpg" alt="" class="wp-image-351" srcset="https://zwinger-vom-kleinen-birkenweg.de/wp-content/uploads/2026/01/threema-20251101-182013929.jpg 576w, https://zwinger-vom-kleinen-birkenweg.de/wp-content/uploads/2026/01/threema-20251101-182013929-169x300.jpg 169w" sizes="auto, (max-width: 576px) 100vw, 576px" /></a><figcaption class="wp-element-caption">Aila vom Leimbachtal</figcaption></figure>



<figure class="wp-block-image size-large"><a href="https://zwinger-vom-kleinen-birkenweg.de/wp-content/uploads/2026/01/IMG_9137.jpg"><img loading="lazy" decoding="async" width="768" height="1024" data-id="330" src="https://zwinger-vom-kleinen-birkenweg.de/wp-content/uploads/2026/01/IMG_9137-768x1024.jpg" alt="" class="wp-image-330" srcset="https://zwinger-vom-kleinen-birkenweg.de/wp-content/uploads/2026/01/IMG_9137-768x1024.jpg 768w, https://zwinger-vom-kleinen-birkenweg.de/wp-content/uploads/2026/01/IMG_9137-225x300.jpg 225w, https://zwinger-vom-kleinen-birkenweg.de/wp-content/uploads/2026/01/IMG_9137-1152x1536.jpg 1152w, https://zwinger-vom-kleinen-birkenweg.de/wp-content/uploads/2026/01/IMG_9137.jpg 1536w" sizes="auto, (max-width: 767px) 89vw, (max-width: 1000px) 54vw, (max-width: 1071px) 543px, 580px" /></a><figcaption class="wp-element-caption">Kowal z Serca Beskidu</figcaption></figure>
</figure>

<p>Am 16. und 17. Januar 2026 waren wir mit unserer Hündin Aila zum Deckakt in Polen beim Deckrüden Kowal z Serca Beskidu. Es war &#8220;Liebe auf den ersten Blick&#8221; und wir wurden Zeuge von zwei Deckakten. Wir sind optimistisch, dass wir mit einer trächtigen Hündin zurückgekommen sind. Mitte Februar wird der Ultraschall dann zeigen, ob &hellip; </p>
<p class="link-more"><a href="https://zwinger-vom-kleinen-birkenweg.de/en/" class="more-link">Continue reading<span class="screen-reader-text"> &#8220;Wurfankündigung C-Wurf&#8221;</span></a></p>
